 = u + 225. Is c prime?
False
Suppose 3*b - 69 = 36. Suppose -3*k - b = -8*k + 3*a, k - 2*a = 0. Suppose -148 = k*c - 12*c. Is c a prime number?
False
Is 4 + 92/(-22) - 90719/(-11) composite?
True
Let a be (-4)/10 + (-36)/(-15). Suppose -2*d + 16 = -0*d. Is (d/(-12))/(a/(-237)) composite?
False
Let a(w) = 7*w**2 - 51*w - 271. Is a(33) prime?
True
Let a(x) = -x**2 - 4*x + 10. Let y be a(-5). Suppose -i = -y*b + 2*i + 127, -4*b - i + 88 = 0. Is b prime?
True
Let n(o) be the first derivative of 2*o**3 - o**2/2 + 4. Let v be n(2). Is (0 - 82)*v/(-22) composite?
True
Let t = -79 + 82. Suppose 2*w = t*x - 1261, -5*w - 1267 = -x - 2*x. Is x prime?
True
Suppose 0 = c + c - 4*y - 12, y - 6 = -c. Suppose 2915 = c*l - l. Is l composite?
True
Let n(u) = 3*u**3 - 4*u**2 - 2*u + 4. Suppose -4*j - 11 = -2*r + 7*r, -4*j - 16 = 0. Let b be (7 - (-2 + 5)) + r. Is n(b) a prime number?
True
Suppose -1636 - 2656 = -2*p. Suppose j = -j + p. Is j a prime number?
False
Suppose 0 = y + 4*v, -y - 13 - 22 = -3*v. Let q be (12 - 43) + -4 + 1/1. Let h = y - q. Is h composite?
True
Let v = 27867 + 3998. Is v a prime number?
False
Suppose -3*a = 20*a - 106743. Suppose -9*n + 966 + a = 0. Is n composite?
True
Let f be (-5 - -15)/(8/4). Suppose 33355 = -f*t + 12*t. Is t a composite number?
True
Let m = 913 - 228. Is m a prime number?
False
Let o = -45 - -40. Let t(s) = -5*s**3 - 4*s**2 - 9*s - 7. Is t(o) prime?
True
Let s = 102 - 249. Let a = s - -278. Is a a prime number?
True
Is (-74)/185 + (-130934)/(-10) a prime number?
True
Suppose -11226 = -7*t + t. Suppose 3*n - z = t, 5*n = -0*n - 3*z + 3109. Is n a composite number?
True
Is ((-756871)/87)/(2/(-6)) a composite number?
False
Is 3*55/(-99)*-573 a composite number?
True
Suppose 9*d - 4*d - 14155 = 5*m, -3*m = 2*d - 5672. Is d composite?
False
Let o be (-1)/2 + (-27)/(-6). Suppose o*y - 3*n - 240 = n, -2*y + 5*n = -132. Suppose v - 3*v = -3*c - y, -19 = -v - 3*c. Is v composite?
True
Let l(c) = -9353*c + 795. Is l(-4) prime?
False
Suppose 6*u - 17*u = 13211. Let t = u - -2378. Is t composite?
True
Suppose 2630 = -3*p + 16586. Suppose 0 = 19*u - 23*u + p. Is u a prime number?
True
Let u(b) = -b**2 + 7*b + 15. Let d be u(7). Let p be (-3)/15 + 303/d. Suppose 2*o + p = 122. Is o a prime number?
False
Let c(u) = 2*u - 11. Let d be c(7). Suppose -d*k - 8 = -65. Is k composite?
False
Let y(o) = o**2 + 5*o - 8. Let c be y(-6). Let g be c*-2*43/4. Suppose -3*s + 6 = -4*u - 93, g = s + 2*u. Is s composite?
False
Suppose 72*r - 71*r - 3079 = 0. Is r prime?
True
Let u(v) = 4*v**2 + v - 7. Let c = -33 - -29. Is u(c) a prime number?
True
Suppose 0 = 2*t - 2 - 6, 448 = 4*j + 2*t. Suppose 2*u = 140 + j. Suppose c = 2*a - 79 + 29, 5*c - u = -5*a. Is a a composite number?
True
Suppose -121*c + 125*c - 20 = 0. Let q(u) = u**2 + u. Let i be q(-2). Suppose 1366 = 4*y - i*x, c*x + 703 = -3*y + 5*y. Is y a prime number?
False
Let q(k) = -66*k**3 + 4*k**2 - 3*k. Let g be q(2). Let c = g + 913. Suppose -2*d + c = -d. Is d prime?
False
Suppose -16633 = -2*u - 5*p, 4*u - 2*p - 13655 - 19575 = 0. Is u a prime number?
False
Let c(h) = 21*h**2 + 17*h - 119. Is c(15) prime?
True
Let c(a) = 78*a + 17. Let q = 6 - 1. Is c(q) a prime number?
False
Let d(m) = -20848*m**3 + 2*m**2 - 13*m - 14. Is d(-1) prime?
True
Suppose -17*m + 13 = -4*m. Is m - (-785 - 3) - 2 a prime number?
True
Suppose 0 = 8*f - 10*f + 2*d + 23498, -35247 = -3*f + 5*d. Is f composite?
True
Let d = 10 - 7. Let k(o) = 28*o**2 + 1 - d + 1 - 8*o**2. Is k(3) a composite number?
False
Let s = 32 - 27. Suppose 115 = 3*v - f - 3*f, 182 = s*v + 3*f. Is v prime?
True
Suppose -5*z = -3*l + 2*l + 38, 34 = -3*z - 5*l. Let d be ((-54)/(-36))/((-6)/z). Suppose d*y - 15 = -v, 3*v = 2*y + 109 - 40. Is v a composite number?
True
Let a(l) = -l**3 - 8*l**2 - 11*l - 21. Is a(-17) composite?
False
Suppose -4*b = 39 - 15. Let y be (-2)/b*2*45. Let a = 79 - y. Is a composite?
True
Let j(k) = -2*k**2 - 98*k - 1. Is j(-12) a prime number?
True
Is 140612/(4 - 0) - (10 + -6) prime?
True
Suppose -5 + 26 = -3*o. Let v(c) = c + 9. Let g be v(o). Is (-11 + -3)*(-37)/g prime?
False
Let c(x) = 1847*x**2 + 2*x + 2. Is c(-1) composite?
False
Let v = 276 - -230. Suppose -2*d = k - v, 0*k + 8 = -4*k. Is d a prime number?
False
Let i(j) = -j**3 - 9*j**2 + 10*j - 2. Let c be i(-10). Is ((-5)/(-25))/(c/(-10)) - -96 composite?
False
Let o(h) be the first derivative of 4*h - 1 + 5/2*h**2 + 2/3*h**3. Is o(9) prime?
True
Suppose -2 = -4*a + 10. Suppose -9156 = -a*d + 9423. Is d a composite number?
True
Let l(c) = -12*c**3 + c**2 - 12*c - 24. Let u be l(-7). Suppose 0 = 4*n + i - u, -i = -6 + 1. Is n composite?
True
Suppose 4 = -3*c - 5*n - 2, n + 9 = 2*c. Let b(p) = 21*p**3 - 2*p**2 + 3*p - 1. Is b(c) a composite number?
False
Suppose -4*c - 5*y - 3076 = 0, 5*y + 0*y = 4*c + 3116. Let j = c - -1441. Is j prime?
False
Suppose 5*c + 2*w + 211 = -138, 0 = -2*c - 4*w - 130. Let r = c - -378. Is r a prime number?
True
Suppose r = -2*n + 17157, r + 34313 = 3*r + 5*n. Is r composite?
False
Let o(t) = t**3 - t**2 + 2*t - 2. Let n be o(1). Suppose -5*v + 2041 + 6204 = n. Is v a prime number?
False
Suppose 38*r = 13*r + 250175. Is r prime?
True
Let p(r) = r**3 + 5*r**2 + 3*r + 5. Let u be p(-5). Is 611/3 + u/15 prime?
False
Let n(w) = w**3 - 17*w**2 + 5*w - 45. Is n(28) a composite number?
False
Let q = 8 + 2. Let b be ((-16)/q)/(10/(-325)). Let f = 105 - b. Is f a prime number?
True
Let i(s) = 707*s**3 - 3*s**2 + 3*s - 2. Let r be i(2). Let w = -2569 + r. Is w a prime number?
True
Let c(b) be the second derivative of -9*b**5/10 - b**4/12 - b**3/3 + b**2/2 - 15*b. Is c(-2) composite?
True
Let z(a) = -3*a**3 - 14*a**2 - 18*a + 13. Is z(-10) a composite number?
True
Is ((-294)/(-6))/7*349 prime?
False
Suppose -3*o + 5*g - 15 = 0, -2*o - 2 = -2*g + 4. Suppose 2*v - k - 140 = o, 11 = 5*v + 4*k - 313. Let m = v - -17. Is m prime?
False
Let u(m) = m**2 + 28*m + 46. Is u(-33) prime?
True
Is ((-136522)/8)/(8 - 759/92) a composite number?
False
Let g(c) = 7*c - 1 - 18*c + 6*c + 6*c + 2333*c**2. Is g(1) a composite number?
False
Suppose 4*r = -4*q + 63 + 57, 5*q = 5*r + 110. Let p = 93 - q. Is p a composite number?
False
Is (1*10/15)/((-4)/(-33774)) prime?
False
Let z be ((-36)/(3 + -9))/(-2). Is 4/20 + z/((-45)/13782) a composite number?
False
Suppose 0 = -4*m - 7*s + 2*s + 44838, 5*m - 5*s - 56025 = 0. Is m a prime number?
False
Let r = 19 + -24. Let m(h) = -h**3 + 2*h**2 - 4*h + 9. Let o be m(r). Suppose -13*w + o = -9*w. Is w a prime number?
False
Let d(g) = 2*g**3 - 10*g**2 - g + 6. Let b(w) = -w**3 + 9*w**2 - 7. Let n(o) = 3*b(o) + 2*d(o). Is n(-5) prime?
False
Suppose 128*b - 127*b - 3 = 0. Suppose -6*s - 5 = -s + p, -3*s - 25 = 5*p. Suppose -42 = -b*c + 3*d, -c + 2*d + 14 = -s*d. Is c a prime number?
False
Suppose 2*s + 9 = i, 5*i = -6*s + s. Suppose 0*j - 1467 = -i*j. Is j prime?
False
Suppose 0 = -5*j - k + 14759, -80*j + 2*k + 5894 = -78*j. Is j a prime number?
False
Let v = -726 + 3317. Is v prime?
True
Let i = 83 + 2072. Is i a prime number?
False
Suppose -185*f = -190*f + 130445. Is f prime?
False
Let i = 255 - -1185. Suppose -7*s + 2*s + i = 0. Let p = 785 - s. Is p a prime number?
False
Suppose 0 = 2*z + 4*p - 52930, p + 132369 = 5*z - 0*p. Is z a composite number?
True
Suppose -16 = -2*l + 2*k, -5*k = -3*l + 32 - 0. Suppose -5*p + 319 = l. Is (p/(-18))/(2/(-68)) composite?
True
Let m be 78/21 + (-2)/(-7). Let q(y) = 38*y**2 + y - 1. Let x(j) = -19*j**2 - j. Let w(i) = 3*q(i) + 5*x(i). Is w(m) composite?
False
Let k = -864 - -5214. Let m = k + -2231. Is m a composite number?
True
Suppose -11*v + 16 = -7*v. Suppose -2*c = -v*c + 130. Is c composite?
True
Let s(p) = -101*p**2 + 7. Let y(w) = -w**2 + 1. Let g(i) = -s(i) + 4*y(i). Let v be g(3). Suppose 0 = 3*q + 3*z - v, 3*z = -q - 0*z + 284. Is q a prime number?
True
Let u(t) = -t**3 - 4*t**2 + 51*t + 73. Is u(-44) a prime number?
True
Let q(w) = -9*w - 6. Let p be q(-1). Suppose 40 = m - p. Is m composite?
False
Suppose -5*r - 796 = f, -4*r - r = 25. Let y = 346 - f. Is y composite?
False
Is 1/(55/(-402622)*(-4)/10) composite?
False
Suppose 8*q + 192764 = 60*q. Is q composite?
True
Is 22815/7 - (-8)/(-28) a composite number?
False
Let h = 1147 - 2408. Let z = 2972 + h. Is z comp